**3 + 5*g**2 + 2*g - 1. Let s be j(4). Let b(z) = -z - 53 + s + 30. Calculate b(7).
-7
Suppose 65*a - 635 = 145. Let k(l) = -2*l + 23. What is k(a)?
-1
Let r(c) = 7*c - 1. Let g(j) = -37*j + 5. Let b(w) = -2*g(w) - 11*r(w). Suppose -h - 3*h + 8 = 0. Suppose 0 = -h*p - 3*p - 5. Calculate b(p).
4
Suppose 4*w - 5 = 7. Suppose -4*i + w = 23. Let k(a) be the second derivative of a**5/20 + 5*a**4/12 - a**2/2 + 13*a. What is k(i)?
-1
Suppose 0 = s - 2*t + 3 - 15, t + 5 = 0. Let u(d) be the third derivative of 0*d**4 + 1/6*d**3 + 6*d**s - 7/60*d**5 + 0*d + 0. Give u(1).
-6
Suppose -2*g = -4*j - 28, 0 = 3*g + 2*g + 5*j + 5. Let f(z) = 1250*z**2 - 4*z - 1249*z**2 + 14 - 15. Determine f(g).
-1
Let x(c) = c**2 + 4*c + 1. Let y = 275 + -277. What is x(y)?
-3
Let b(f) = f**2 + 10*f + 11. Let x be b(-8). Let s(g) = 2*g + 2. Let j(c) = -13*c - 19. Let y(l) = -j(l) - 6*s(l). What is y(x)?
2
Let p be (5 + -4 - 2)*-2 + -3. Let u be (-2 - -6)*(-4)/8 - p. Let h(m) = -1 - 2*m**2 - 2*m + 0*m**2 + m**2. Calculate h(u).
0
Let r be (-1)/(3/12) + 11. Let n be (-1 + (4 - 1))*2. Let w(m) = -m**3 - m - n*m + 4*m**2 - 10*m**2 + r + 4*m. What is w(-5)?
-13
Let s(f) = -f - 3. Let n(c) = -c**2 - 22*c - 21. Let t be n(-20). Suppose 2*b - 25 = -t. Give s(b).
-6
Let d = 4 + 0. Suppose 0 = 9*i - 8*i - 4. Let b(o) = o**2 + 1 - i*o**2 - 5*o + 10*o**3 - 9*o**3. Determine b(d).
-3
Let s be (-4)/(-2 + 4) - -4. Suppose -s*g + 7 + 10 = -3*u, -4*u - 20 = 0. Let v(x) be the third derivative of x**4/4 - x**2. What is v(g)?
6
Let p(m) = 0*m - 4*m + 45 - 52 + 2*m. Determine p(-6).
5
Let u(x) = 3*x**2 - 5*x + 23. Let t(g) = -4*g**2 + 7*g - 35. Let s(p) = 5*t(p) + 7*u(p). Calculate s(0).
-14
Suppose -b - 11*r = -10*r, b = r - 4. Let w(p) = p**2 - p + 2. Let x(t) = 5*t**2 - 6*t + 11. Let a(o) = -11*w(o) + 2*x(o). Calculate a(b).
-2
Let p(q) = q + 1. Suppose 0 = 6*z + 2 - 26. Suppose z*u = 8*u + 20. Give p(u).
-4
Let a be (-10)/(-50) - (-384)/5. Let l(q) = 163*q - 80*q - a*q. Determine l(2).
12
Suppose 5*v - 5*z + 75 = 0, -2*z + 18 = -3*v + 2*v. Let l = -10 - v. Let o(p) = 46*p + 0 + 2 - 44*p - l*p**2. What is o(2)?
-2
Let d(u) be the third derivative of u**6/120 - u**5/12 + u**4/24 - 2*u**3 + 4*u**2. Let c be d(5). Let v(x) = -x - 10. Determine v(c).
-3
Let i(y) = -6*y + 34. Let g be i(5). Suppose -5*o = 3*k - 2, -5*o = -k + 2*k - g. Let w(z) = -z**2 + z. What is w(o)?
0
Let f = 57 - 49. Let c(r) = -2*r**3 - 16*r**2 - 11*r - 10. Let i(g) = -3*g**3 - 24*g**2 - 16*g - 15. Let y(b) = f*c(b) - 5*i(b). Give y(-7).
2
Suppose 20*v - 221 + 61 = 0. Let o(a) = a**2 - 10*a + 5. Give o(v).
-11
Suppose 6*u - 19 = 5. Let z be u + 1*1*-6. Let x(r) = -3*r**2 + 4 + 1 - 2*r - 4. What is x(z)?
-7
Let i(d) = d**2 + 3*d - 1. Let z(m) = -m**3 - 5*m**2 + m + 5. Let y be z(-5). Suppose y = -3*c + 7*c + 12. Let x = -1 + c. Calculate i(x).
3
Let f(y) = -2*y**2 - y + 2. Let t = 13 + -11. Suppose -5*q - 5 = 0, -3*q + 5 = -t*i - 4*q. Determine f(i).
-4
Let v(f) = -f**3 + 2*f - 5. Suppose -w + 4*w = 15, 3*c - 24 = -3*w. Let n(l) = 3*l - 2*l - l**c - 4 + 0*l. Let j(y) = -3*n(y) + 2*v(y). Calculate j(-2).
-8
Let x(l) = -l**2 + 9 - 26*l + 7*l + 0*l. What is x(-19)?
9
Let r be (-4 + (-40)/(-5))/2. Let y(k) = k**2 + r + 11*k + 0*k - 9*k. Determine y(-2).
2
Suppose 4*p = -1 + 17. Let u be -3*(-3 - (-14)/6). Let j(a) = -u + p - 4 + a. Determine j(0).
-2
Let y(j) = -j + 2. Let x be y(-1). Suppose x*n - 106 - 8 = 0. Let o(i) = -2*i**2 - i + n*i**3 + i**2 - 39*i**3. What is o(-2)?
6
Let k(x) = -5*x**2 + x - 6. Let g = -24 - -25. Let r(p) = p**2. Let w(m) = g*k(m) + 4*r(m). Let y(l) = -l**2 + 7*l - 6. Let b be y(6). What is w(b)?
-6
Let d(x) = -x + 5. Let g(o) = 3 - 2*o**3 - 2*o**3 + 0*o + 3*o**2 + 3*o**3 + 4*o. Let a be g(4). Let k = a + 2. Determine d(k).
0
Let a(f) = -f**2 + 4*f - 3. Let p(v) be the third derivative of -v**6/120 - 17*v**5/60 + 17*v**4/24 - 5*v**3/2 - 3*v**2. Let i be p(-18). Determine a(i).
0
Let c(p) = -2*p + 7. Let y(z) = 2*z**2 + 2*z + 2. Let a = -134 - -132. Let r be y(a). Determine c(r).
-5
Let z(n) be the second derivative of -n**3/6 + 5*n**2/2 + n. Let d = 24 + -65. Let m = 45 + d. What is z(m)?
1
Let l(m) = m**3 + 3*m**2 - 9*m + 11. Let r be l(0). Let v(d) = d**3 - 12*d**2 + 6*d + 16. Give v(r).
-39
Let l(d) = -33*d + 8*d + 7*d + 16*d. Give l(4).
-8
Let w(k) = -5*k**3 - 5*k**2 - 4*k - 5. Let l(t) = t**3 + t**2 + t + 1. Let f(p) = 4*l(p) + w(p). Let c be (0/1)/(2/(-1)). Give f(c).
-1
Suppose 2*w + 6 = 4*w. Suppose 5*s - 37 = u, 2*s - w*s - u = -5. Let o be s/(-2)*(14 + -12). Let z(f) = -f**3 - 6*f**2 + 6*f - 4. Calculate z(o).
3
Let r(n) = -2*n - 30. Let j(y) = y**2 + 11*y - 136. Let o be j(7). Determine r(o).
-10
Suppose 4*k - 2*i - 4 = -4*i, -2*i = -k - 4. Suppose k = -3*m + s + 13, 2*m = 5*s - s - 8. Suppose u - 3*u = -m. Let c(x) = 2*x - 2. What is c(u)?
4
Let b(x) = 4*x + 3. Let t(d) = -15 - 18 - 3*d + 27 - 3*d. Let s(q) = 11*b(q) + 6*t(q). What is s(3)?
21
Let x(v) = 39*v**3 + 8*v**2 - 2*v + 4. Let b(q) = 80*q**3 + 14*q**2 - 4*q + 7. Let h(k) = -3*b(k) + 5*x(k). Determine h(1).
-46
Let b(u) = -u**3 + 6*u + 2. Let s be b(-2). Let z(y) = -2*y**2 + 2. Determine z(s).
-6
Suppose 0 = 3*v + 2*v - 120. Let a(f) = -f**3 + 2*f**2 + 2*f + 1. Let r be a(-1). Let t be (-3)/r*16/v. Let n(x) = 11*x**3 + 2*x + 1. Give n(t).
-12
Let r(o) = o**3 - 2*o. Let a(n) = n**3 - 4*n**2 + 7. Let u(c) = -a(c) + 2*r(c). Calculate u(-5).
-12
Let g(y) = 7*y**3 + y**2 + 1. Let x(w) = 8*w**3 + 7*w**2 - 7*w - 5. Let h(c) = g(c) - x(c). What is h(-6)?
-36
Let p(n) be the second derivative of -n**3/3 - 23*n**2/2 - 83*n. What is p(-14)?
5
Let k(n) = -n**3 + 2*n - 2. Let i be ((-12)/30)/((-2)/10). What is k(i)?
-6
Let l(f) be the second derivative of 1/2*f**2 + 0 - 4*f - 1/2*f**3. Let n = -5 - -8. Determine l(n).
-8
Let m(g) = g**3 + 3*g**2 - 2*g + 1. Let x(p) = -p**3 - 5*p**2 - 5*p. Let u be x(-4). Let f be u/(-6) - 20/6. What is m(f)?
-7
Let w(n) be the second derivative of n**4/12 + n**3/2 - 4*n**2 - 3*n. Suppose x + 2*u + 1 = 3*u, 0 = x + u + 11. Give w(x).
10
Let q(s) = -s**3 + 6*s**2 - 2*s + 9. Suppose -h + 26 = -5*y - 78, -3*y = 5*h - 464. Let k be (-12)/(-96) + h/16. Determine q(k).
-3
Suppose g = 6*g. Suppose -3*y + 3 + 3 = g. Let s(c) = c - 13*c**y + 1 + 12*c**2 + 2*c. Calculate s(4).
-3
Suppose -2*v + 4 = -v. Suppose s + s = v. Let p(o) = -o + 1. Give p(s).
-1
Let q = -48 + 72. Suppose 6*l = -78 + q. Let d(y) = y + 14. What is d(l)?
5
Let j(a) = 2*a**3 + a**2 + a - 1. Let g(d) = -9*d**3 + 2*d**2 - 2. Let w(k) = -g(k) - 4*j(k). What is w(5)?
-39
Let b = 247 + -252. Let k(p) = -3*p - 17. What is k(b)?
-2
Let o(y) = 66*y**3 - 4 - 65*y**3 + 0 - 10*y**2 - y + 8. Calculate o(10).
-6
Let s = 49 + -46. Suppose 27 = -6*l + s. Let y(p) = p**3 + 3*p**2 - 3*p + 4. Give y(l).
0
Suppose -h = 5*n - 10, -n = 4*h + 27 + 9. Let f(l) = -l**2 - 10*l + 7. Calculate f(h).
7
Let w(m) = 3*m + 5. Let k be (1 - -2 - 0) + 45. Let r be 2/8 - 204/k. What is w(r)?
-7
Let p(i) be the first derivative of -i**4/4 - 8*i**3/3 - 7*i**2/2 + 2*i + 33. What is p(-7)?
2
Let s(u) = -3*u. Let o be s(-1). Suppose -14*r + 12*r + 4 = 0. Let v(y) = y - r - 4*y + 5. Give v(o).
-6
Let r(i) be the first derivative of -i**4/4 + 7*i**3/3 - 5*i**2/2 - 7*i - 1. Suppose -20 = -5*n, 0 = -2*a + 4*n - 3*n + 8. Give r(a).
-1
Let p(l) = l - 2. Let k be p(4). Let r(j) = -3*j**2 - 3*j + 5*j**k + j + 2 - j. What is r(2)?
4
Let w(g) be the second derivative of g**7/840 + g**6/40 - g**5/120 - g**4/8 - 7*g**3/3 - 23*g. Let i(y) be the second derivative of w(y). Give i(-9).
6
Let f(p) = -p**3 + 3*p**2 + p - 2. Let r(y) = -y**2 + 8*y + 4. Let d be r(8). Suppose 0 = 14*o - d*o - 30. What is f(o)?
1
Let z(r) = -r**3 - 51*r**2 - 100*r - 103. Let v be z(-49). Let l(c) = -2*c**2 - 12*c - 7. Give l(v).
3
Let v(g) = -11*g + 7. Let j(c) = 5*c - 3. Let q(y) = 5*j(y) + 2*v(y). Let h(z) = z**2 - 12*z + 1. Let r be h(7). Let i = r + 33. Give q(i).
-4
Let w(v) = v**2 + 16*v - 6. Suppose g - 5 = 0, 3*s = s - 4*g - 10. Determine w(s).
-21
Let c be (98/84)/((-1)/(-6)). Let n be (2/(-6))/(c/(-168)). Let i be (-36)/8 + (-4)/n. Let p(q) = q**3 + 6*q**2 + 6*q + 6. Calculate p(i).
1
Let o(a) be the first derivative of -3*a**2/2 + 2*a + 39. Determine o(2).
-4
Let b(k) = 3*k - 7. Let d = -1438 - -1440. What is b(